{"id":247,"date":"2018-02-06T14:12:17","date_gmt":"2018-02-06T14:12:17","guid":{"rendered":"http:\/\/gitarrenfestivalwertingen.de\/?page_id=247"},"modified":"2026-04-27T10:36:51","modified_gmt":"2026-04-27T10:36:51","slug":"johannes-tonio-kreusch","status":"publish","type":"page","link":"https:\/\/gitarrenfestivalwertingen.de\/?page_id=247","title":{"rendered":"Johannes Tonio Kreusch"},"content":{"rendered":"\t\t<div data-elementor-type=\"wp-page\" data-elementor-id=\"247\" class=\"elementor elementor-247\" data-elementor-settings=\"{&quot;ha_cmc_init_switcher&quot;:&quot;no&quot;}\">\n\t\t\t\t\t\t<section class=\"elementor-section elementor-top-section elementor-element elementor-element-9f4cec1 elementor-section-boxed elementor-section-height-default elementor-section-height-default wpr-particle-no wpr-jarallax-no wpr-parallax-no wpr-sticky-section-no wpr-equal-height-no\" data-id=\"9f4cec1\" data-element_type=\"section\" data-e-type=\"section\" data-settings=\"{&quot;_ha_eqh_enable&quot;:false}\">\n\t\t\t\t\t\t<div class=\"elementor-container elementor-column-gap-default\">\n\t\t\t\t\t<div class=\"elementor-column elementor-col-100 elementor-top-column elementor-element elementor-element-abab5a8\" data-id=\"abab5a8\" data-element_type=\"column\" data-e-type=\"column\">\n\t\t\t<div class=\"elementor-widget-wrap elementor-element-populated\">\n\t\t\t\t\t\t<div class=\"elementor-element elementor-element-91433aa elementor-widget elementor-widget-text-editor\" data-id=\"91433aa\" data-element_type=\"widget\" data-e-type=\"widget\" data-widget_type=\"text-editor.default\">\n\t\t\t\t<div class=\"elementor-widget-container\">\n\t\t\t\t\t\t\t\t\t<p style=\"text-align: left;\"><img fetchpriority=\"high\" decoding=\"async\" class=\"img-left alignleft wp-image-4858\" src=\"http:\/\/gitarrenfestivalwertingen.de\/wp-content\/uploads\/2024\/05\/JohannesTonioKreusch_by_Vic-Pooters-683x1024.jpg\" alt=\"\" width=\"400\" height=\"600\" srcset=\"https:\/\/gitarrenfestivalwertingen.de\/wp-content\/uploads\/2024\/05\/JohannesTonioKreusch_by_Vic-Pooters-683x1024.jpg 683w, https:\/\/gitarrenfestivalwertingen.de\/wp-content\/uploads\/2024\/05\/JohannesTonioKreusch_by_Vic-Pooters-200x300.jpg 200w, https:\/\/gitarrenfestivalwertingen.de\/wp-content\/uploads\/2024\/05\/JohannesTonioKreusch_by_Vic-Pooters-768x1152.jpg 768w, https:\/\/gitarrenfestivalwertingen.de\/wp-content\/uploads\/2024\/05\/JohannesTonioKreusch_by_Vic-Pooters-1024x1536.jpg 1024w, https:\/\/gitarrenfestivalwertingen.de\/wp-content\/uploads\/2024\/05\/JohannesTonioKreusch_by_Vic-Pooters-1365x2048.jpg 1365w, https:\/\/gitarrenfestivalwertingen.de\/wp-content\/uploads\/2024\/05\/JohannesTonioKreusch_by_Vic-Pooters-scaled.jpg 1707w\" sizes=\"(max-width: 400px) 100vw, 400px\" \/><strong>Liebe Freundinnen und Freunde der Gitarrenmusik,<\/strong><\/p><p>als k\u00fcnstlerischer Leiter des Internationalen Gitarrenfestivals in Wertingen freue ich mich sehr darauf, mit Ihnen vom 9. bis 11. Oktober 2026 unser 15. Festivaljubil\u00e4um zu feiern. Seit anderthalb Jahrzehnten vereint unser Festival K\u00fcnstlerInnen unterschiedlichster Herkunft und Stilistiken. Es ist uns ein Anliegen, sowohl international renommierten Stars als auch dem talentierten Nachwuchs ein lebendiges Podium zu bieten.<\/p><p>Den Auftakt am Freitag bildet ein Blues-Highlight: Raphael Wressnig &amp; The Soul Gift Band feat. Gisele Jackson. Raphael Wressnig, der durch sein virtuoses Spiel auf der Vintage Hammond-Orgel zum Inbegriff des modernen Organisten wurde, trifft hier auf die herausragende Gisele Jackson. Die S\u00e4ngerin, die ihre Karriere im Background-Chor von Ray Charles begann und mit Legenden wie Donna Summer und James Brown tourte, verleiht dem Abend eine ganz besondere Intensit\u00e4t. Gemeinsam mit Enrico Crivellaro an der Gitarre und Eric Cisbani am Schlagzeug pr\u00e4sentieren sie eine packende Mischung aus Soul, Blues und Funk \u2013 geschmackvoll, authentisch und immer dem Groove verpflichtet.<\/p><p>Am Samstagabend erwartet das Publikum ein Doppelkonzert, das einen Blick auf die Geschichte unseres Festivals wirft. Zun\u00e4chst pr\u00e4sentiere ich gemeinsam mit der Geigerin Doris Orsan unser Programm \u201eTangos &amp; Canciones\u201c. Mit unserem Duo waren wir bereits in den Gr\u00fcndungsjahren des Festivals in Wertingen zu Gast und durften hier unter anderem Werke des argentinischen Komponisten M\u00e1ximo Diego Pujol urauff\u00fchren. Zum Jubil\u00e4um m\u00f6chten wir nun einen Querschnitt aus dieser langj\u00e4hrigen Zusammenarbeit pr\u00e4sentieren. Ebenfalls eng mit Wertingen verbunden ist das polnische Duo Adam Woch &amp; Robert Guzik. Vor einigen Jahren traten die beiden noch als junge Preistr\u00e4ger in unserer \u201eRising Stars\u201c Matin\u00e9e auf. Inzwischen blicken sie auf eine beeindruckende internationale Karriere inklusive eines Deb\u00fcts in der New Yorker Carnegie Hall zur\u00fcck. Mit ihrem Programm \u201eOne Week in Rio\u201c huldigen sie den Rhythmen Brasiliens \u2013 von Ant\u00f4nio Carlos Jobim bis Egberto Gismonti.<\/p><p>Neben den Konzerten bleibt der edukative Charakter des Festivals eine tragende S\u00e4ule. Die im Rahmen des Festivals auftretenden Gitarristen werden Workshops und Unterrichtseinheiten f\u00fcr alle Leistungsstufen anbieten. Als weiterer Dozent konnte der ebenfalls seit vielen Jahren mit unserem Festival verbundene renommierte Gitarrist Ahmed El-Salamouny gewonnen werden. Auch die Nachwuchsf\u00f6rderung liegt uns weiterhin am Herzen: Neben den Schulkonzerten bildet das \u201eRising Stars-Konzert\u201c am Sonntagnachmittag ein weiteres Highlight. In diesem Jahr freuen wir uns darauf, die Gewinnerin oder den Gewinner des diesj\u00e4hrigen \u201eInternationalen Gitarrenwettbewerbs Andr\u00e9s Segovia\u201c aus Monheim bei uns zu begr\u00fc\u00dfen. Um junge Talente gezielt zu unterst\u00fctzen, vergeben die Stadt Wertingen und der F\u00f6rderverein auch in diesem Jahr wieder Workshop-Stipendien.<\/p><p>Ich freue mich auf ein inspirierendes und intensives Festivalwochenende voller Begegnungen. Mein herzlicher Dank gilt allen Verantwortlichen der Stadt Wertingen, dem F\u00f6rderverein sowie den zahlreichen freiwilligen Helferinnen und Helfern, die durch ihren Einsatz in der Vorbereitung und w\u00e4hrend des Festivals einen reibungslosen Ablauf garantieren und zur famili\u00e4ren Atmosph\u00e4re des Festivals beitragen.<\/p><p><strong>Johannes Tonio Kreusch \u200b<\/strong><br \/>K\u00fcnstlerischer Leiter \u2013 Gitarrenfestival Wertingen<\/p>\t\t\t\t\t\t\t\t<\/div>\n\t\t\t\t<\/div>\n\t\t\t\t\t<\/div>\n\t\t<\/div>\n\t\t\t\t\t<\/div>\n\t\t<\/section>\n\t\t\t\t<\/div>\n\t\t","protected":false},"excerpt":{"rendered":"<p>Liebe Freundinnen und Freunde der Gitarrenmusik, als k\u00fcnstlerischer Leiter des Internationalen Gitarrenfestivals in Wertingen freue ich mich sehr darauf, mit Ihnen vom 9. bis 11. Oktober 2026 unser 15. Festivaljubil\u00e4um zu feiern. Seit anderthalb Jahrzehnten vereint unser Festival K\u00fcnstlerInnen unterschiedlichster Herkunft und Stilistiken. Es ist uns ein Anliegen, sowohl international renommierten Stars als auch dem talentierten Nachwuchs ein lebendiges Podium zu bieten. Den Auftakt am Freitag bildet ein Blues-Highlight: Raphael Wressnig &amp; The Soul Gift Band feat. Gisele Jackson. Raphael Wressnig, der durch sein virtuoses Spiel auf der Vintage Hammond-Orgel zum Inbegriff des modernen Organisten wurde, trifft hier auf die herausragende Gisele Jackson. Die S\u00e4ngerin, die ihre Karriere im Background-Chor von Ray Charles begann und mit Legenden wie Donna Summer und James Brown tourte, verleiht dem Abend eine ganz besondere Intensit\u00e4t. Gemeinsam mit Enrico Crivellaro an der Gitarre und Eric Cisbani am Schlagzeug pr\u00e4sentieren sie eine packende Mischung aus Soul, Blues und Funk \u2013 geschmackvoll, authentisch und immer dem Groove verpflichtet. Am Samstagabend erwartet das Publikum ein Doppelkonzert, das einen Blick auf die Geschichte unseres Festivals wirft. Zun\u00e4chst pr\u00e4sentiere ich gemeinsam mit der Geigerin Doris Orsan unser Programm \u201eTangos &amp; Canciones\u201c. Mit unserem Duo waren wir bereits in den Gr\u00fcndungsjahren des Festivals in Wertingen zu Gast und durften hier unter anderem Werke des argentinischen Komponisten M\u00e1ximo Diego Pujol urauff\u00fchren. Zum Jubil\u00e4um m\u00f6chten wir nun einen Querschnitt aus dieser langj\u00e4hrigen Zusammenarbeit pr\u00e4sentieren. Ebenfalls eng mit Wertingen verbunden ist das polnische Duo Adam Woch &amp; Robert Guzik. Vor einigen Jahren traten die beiden noch als junge Preistr\u00e4ger in unserer \u201eRising Stars\u201c Matin\u00e9e auf. Inzwischen blicken sie auf eine beeindruckende internationale Karriere inklusive eines Deb\u00fcts in der New Yorker Carnegie Hall zur\u00fcck. Mit ihrem Programm \u201eOne Week in Rio\u201c huldigen sie den Rhythmen Brasiliens \u2013 von Ant\u00f4nio Carlos Jobim bis Egberto Gismonti. Neben den Konzerten bleibt der edukative Charakter des Festivals eine tragende S\u00e4ule. Die im Rahmen des Festivals auftretenden Gitarristen werden Workshops und Unterrichtseinheiten f\u00fcr alle Leistungsstufen anbieten. Als weiterer Dozent konnte der ebenfalls seit vielen Jahren mit unserem Festival verbundene renommierte Gitarrist Ahmed El-Salamouny gewonnen werden. Auch die Nachwuchsf\u00f6rderung liegt uns weiterhin am Herzen: Neben den Schulkonzerten bildet das \u201eRising Stars-Konzert\u201c am Sonntagnachmittag ein weiteres Highlight. In diesem Jahr freuen wir uns darauf, die Gewinnerin oder den Gewinner des diesj\u00e4hrigen \u201eInternationalen Gitarrenwettbewerbs Andr\u00e9s Segovia\u201c aus Monheim bei uns zu begr\u00fc\u00dfen. Um junge Talente gezielt zu unterst\u00fctzen, vergeben die Stadt Wertingen und der F\u00f6rderverein auch in diesem Jahr wieder Workshop-Stipendien. Ich freue mich auf ein inspirierendes und intensives Festivalwochenende voller Begegnungen. Mein herzlicher Dank gilt allen Verantwortlichen der Stadt Wertingen, dem F\u00f6rderverein sowie den zahlreichen freiwilligen Helferinnen und Helfern, die durch ihren Einsatz in der Vorbereitung und w\u00e4hrend des Festivals einen reibungslosen Ablauf garantieren und zur famili\u00e4ren Atmosph\u00e4re des Festivals beitragen. Johannes Tonio Kreusch \u200bK\u00fcnstlerischer Leiter \u2013 Gitarrenfestival Wertingen<\/p>\n","protected":false},"author":1,"featured_media":0,"parent":0,"menu_order":0,"comment_status":"closed","ping_status":"closed","template":"","meta":{"ngg_post_thumbnail":0,"ocean_post_layout":"","ocean_both_sidebars_style":"","ocean_both_sidebars_content_width":0,"ocean_both_sidebars_sidebars_width":0,"ocean_sidebar":"","ocean_second_sidebar":"","ocean_disable_margins":"enable","ocean_add_body_class":"","ocean_shortcode_before_top_bar":"","ocean_shortcode_after_top_bar":"","ocean_shortcode_before_header":"","ocean_shortcode_after_header":"","ocean_has_shortcode":"","ocean_shortcode_after_title":"","ocean_shortcode_before_footer_widgets":"","ocean_shortcode_after_footer_widgets":"","ocean_shortcode_before_footer_bottom":"","ocean_shortcode_after_footer_bottom":"","ocean_display_top_bar":"default","ocean_display_header":"default","ocean_header_style":"","ocean_center_header_left_menu":"","ocean_custom_header_template":"","ocean_custom_logo":0,"ocean_custom_retina_logo":0,"ocean_custom_logo_max_width":0,"ocean_custom_logo_tablet_max_width":0,"ocean_custom_logo_mobile_max_width":0,"ocean_custom_logo_max_height":0,"ocean_custom_logo_tablet_max_height":0,"ocean_custom_logo_mobile_max_height":0,"ocean_header_custom_menu":"","ocean_menu_typo_font_family":"","ocean_menu_typo_font_subset":"","ocean_menu_typo_font_size":0,"ocean_menu_typo_font_size_tablet":0,"ocean_menu_typo_font_size_mobile":0,"ocean_menu_typo_font_size_unit":"px","ocean_menu_typo_font_weight":"","ocean_menu_typo_font_weight_tablet":"","ocean_menu_typo_font_weight_mobile":"","ocean_menu_typo_transform":"","ocean_menu_typo_transform_tablet":"","ocean_menu_typo_transform_mobile":"","ocean_menu_typo_line_height":0,"ocean_menu_typo_line_height_tablet":0,"ocean_menu_typo_line_height_mobile":0,"ocean_menu_typo_line_height_unit":"","ocean_menu_typo_spacing":0,"ocean_menu_typo_spacing_tablet":0,"ocean_menu_typo_spacing_mobile":0,"ocean_menu_typo_spacing_unit":"","ocean_menu_link_color":"","ocean_menu_link_color_hover":"","ocean_menu_link_color_active":"","ocean_menu_link_background":"","ocean_menu_link_hover_background":"","ocean_menu_link_active_background":"","ocean_menu_social_links_bg":"","ocean_menu_social_hover_links_bg":"","ocean_menu_social_links_color":"","ocean_menu_social_hover_links_color":"","ocean_disable_title":"default","ocean_disable_heading":"default","ocean_post_title":"","ocean_post_subheading":"","ocean_post_title_style":"","ocean_post_title_background_color":"","ocean_post_title_background":0,"ocean_post_title_bg_image_position":"","ocean_post_title_bg_image_attachment":"","ocean_post_title_bg_image_repeat":"","ocean_post_title_bg_image_size":"","ocean_post_title_height":0,"ocean_post_title_bg_overlay":0.5,"ocean_post_title_bg_overlay_color":"","ocean_disable_breadcrumbs":"default","ocean_breadcrumbs_color":"","ocean_breadcrumbs_separator_color":"","ocean_breadcrumbs_links_color":"","ocean_breadcrumbs_links_hover_color":"","ocean_display_footer_widgets":"default","ocean_display_footer_bottom":"default","ocean_custom_footer_template":"","footnotes":""},"class_list":["post-247","page","type-page","status-publish","hentry","entry"],"_links":{"self":[{"href":"https:\/\/gitarrenfestivalwertingen.de\/index.php?rest_route=\/wp\/v2\/pages\/247","targetHints":{"allow":["GET"]}}],"collection":[{"href":"https:\/\/gitarrenfestivalwertingen.de\/index.php?rest_route=\/wp\/v2\/pages"}],"about":[{"href":"https:\/\/gitarrenfestivalwertingen.de\/index.php?rest_route=\/wp\/v2\/types\/page"}],"author":[{"embeddable":true,"href":"https:\/\/gitarrenfestivalwertingen.de\/index.php?rest_route=\/wp\/v2\/users\/1"}],"replies":[{"embeddable":true,"href":"https:\/\/gitarrenfestivalwertingen.de\/index.php?rest_route=%2Fwp%2Fv2%2Fcomments&post=247"}],"version-history":[{"count":153,"href":"https:\/\/gitarrenfestivalwertingen.de\/index.php?rest_route=\/wp\/v2\/pages\/247\/revisions"}],"predecessor-version":[{"id":5763,"href":"https:\/\/gitarrenfestivalwertingen.de\/index.php?rest_route=\/wp\/v2\/pages\/247\/revisions\/5763"}],"wp:attachment":[{"href":"https:\/\/gitarrenfestivalwertingen.de\/index.php?rest_route=%2Fwp%2Fv2%2Fmedia&parent=247"}],"curies":[{"name":"wp","href":"https:\/\/api.w.org\/{rel}","templated":true}]}}

<div data-elementor-type="wp-page" data-elementor-id="247" class="elementor elementor-247" data-elementor-settings="{&quot;ha_cmc_init_switcher&quot;:&quot;no&quot;}">
						<section class="elementor-section elementor-top-section elementor-element elementor-element-9f4cec1 elementor-section-boxed elementor-section-height-default elementor-section-height-default wpr-particle-no wpr-jarallax-no wpr-parallax-no wpr-sticky-section-no wpr-equal-height-no" data-id="9f4cec1" data-element_type="section" data-e-type="section" data-settings="{&quot;_ha_eqh_enable&quot;:false}">
						<div class="elementor-container elementor-column-gap-default">
					<div class="elementor-column elementor-col-100 elementor-top-column elementor-element elementor-element-abab5a8" data-id="abab5a8" data-element_type="column" data-e-type="column">
			<div class="elementor-widget-wrap elementor-element-populated">
						<div class="elementor-element elementor-element-91433aa elementor-widget elementor-widget-text-editor" data-id="91433aa" data-element_type="widget" data-e-type="widget" data-widget_type="text-editor.default">
				<div class="elementor-widget-container">
									<p style="text-align: left;"><img fetchpriority="high" decoding="async" class="img-left alignleft wp-image-4858" src="http://gitarrenfestivalwertingen.de/wp-content/uploads/2024/05/JohannesTonioKreusch_by_Vic-Pooters-683x1024.jpg" alt="" width="400" height="600" srcset="https://gitarrenfestivalwertingen.de/wp-content/uploads/2024/05/JohannesTonioKreusch_by_Vic-Pooters-683x1024.jpg 683w, https://gitarrenfestivalwertingen.de/wp-content/uploads/2024/05/JohannesTonioKreusch_by_Vic-Pooters-200x300.jpg 200w, https://gitarrenfestivalwertingen.de/wp-content/uploads/2024/05/JohannesTonioKreusch_by_Vic-Pooters-768x1152.jpg 768w, https://gitarrenfestivalwertingen.de/wp-content/uploads/2024/05/JohannesTonioKreusch_by_Vic-Pooters-1024x1536.jpg 1024w, https://gitarrenfestivalwertingen.de/wp-content/uploads/2024/05/JohannesTonioKreusch_by_Vic-Pooters-1365x2048.jpg 1365w, https://gitarrenfestivalwertingen.de/wp-content/uploads/2024/05/JohannesTonioKreusch_by_Vic-Pooters-scaled.jpg 1707w" sizes="(max-width: 400px) 100vw, 400px" /><strong>Liebe Freundinnen und Freunde der Gitarrenmusik,</strong></p><p>als künstlerischer Leiter des Internationalen Gitarrenfestivals in Wertingen freue ich mich sehr darauf, mit Ihnen vom 9. bis 11. Oktober 2026 unser 15. Festivaljubiläum zu feiern. Seit anderthalb Jahrzehnten vereint unser Festival KünstlerInnen unterschiedlichster Herkunft und Stilistiken. Es ist uns ein Anliegen, sowohl international renommierten Stars als auch dem talentierten Nachwuchs ein lebendiges Podium zu bieten.</p><p>Den Auftakt am Freitag bildet ein Blues-Highlight: Raphael Wressnig &amp; The Soul Gift Band feat. Gisele Jackson. Raphael Wressnig, der durch sein virtuoses Spiel auf der Vintage Hammond-Orgel zum Inbegriff des modernen Organisten wurde, trifft hier auf die herausragende Gisele Jackson. Die Sängerin, die ihre Karriere im Background-Chor von Ray Charles begann und mit Legenden wie Donna Summer und James Brown tourte, verleiht dem Abend eine ganz besondere Intensität. Gemeinsam mit Enrico Crivellaro an der Gitarre und Eric Cisbani am Schlagzeug präsentieren sie eine packende Mischung aus Soul, Blues und Funk – geschmackvoll, authentisch und immer dem Groove verpflichtet.</p><p>Am Samstagabend erwartet das Publikum ein Doppelkonzert, das einen Blick auf die Geschichte unseres Festivals wirft. Zunächst präsentiere ich gemeinsam mit der Geigerin Doris Orsan unser Programm „Tangos &amp; Canciones“. Mit unserem Duo waren wir bereits in den Gründungsjahren des Festivals in Wertingen zu Gast und durften hier unter anderem Werke des argentinischen Komponisten Máximo Diego Pujol uraufführen. Zum Jubiläum möchten wir nun einen Querschnitt aus dieser langjährigen Zusammenarbeit präsentieren. Ebenfalls eng mit Wertingen verbunden ist das polnische Duo Adam Woch &amp; Robert Guzik. Vor einigen Jahren traten die beiden noch als junge Preisträger in unserer „Rising Stars“ Matinée auf. Inzwischen blicken sie auf eine beeindruckende internationale Karriere inklusive eines Debüts in der New Yorker Carnegie Hall zurück. Mit ihrem Programm „One Week in Rio“ huldigen sie den Rhythmen Brasiliens – von Antônio Carlos Jobim bis Egberto Gismonti.</p><p>Neben den Konzerten bleibt der edukative Charakter des Festivals eine tragende Säule. Die im Rahmen des Festivals auftretenden Gitarristen werden Workshops und Unterrichtseinheiten für alle Leistungsstufen anbieten. Als weiterer Dozent konnte der ebenfalls seit vielen Jahren mit unserem Festival verbundene renommierte Gitarrist Ahmed El-Salamouny gewonnen werden. Auch die Nachwuchsförderung liegt uns weiterhin am Herzen: Neben den Schulkonzerten bildet das „Rising Stars-Konzert“ am Sonntagnachmittag ein weiteres Highlight. In diesem Jahr freuen wir uns darauf, die Gewinnerin oder den Gewinner des diesjährigen „Internationalen Gitarrenwettbewerbs Andrés Segovia“ aus Monheim bei uns zu begrüßen. Um junge Talente gezielt zu unterstützen, vergeben die Stadt Wertingen und der Förderverein auch in diesem Jahr wieder Workshop-Stipendien.</p><p>Ich freue mich auf ein inspirierendes und intensives Festivalwochenende voller Begegnungen. Mein herzlicher Dank gilt allen Verantwortlichen der Stadt Wertingen, dem Förderverein sowie den zahlreichen freiwilligen Helferinnen und Helfern, die durch ihren Einsatz in der Vorbereitung und während des Festivals einen reibungslosen Ablauf garantieren und zur familiären Atmosphäre des Festivals beitragen.</p><p><strong>Johannes Tonio Kreusch ​</strong><br />Künstlerischer Leiter – Gitarrenfestival Wertingen</p>								</div>
				</div>
					</div>
		</div>
					</div>
		</section>
				</div>

<p>Liebe Freundinnen und Freunde der Gitarrenmusik, als künstlerischer Leiter des Internationalen Gitarrenfestivals in Wertingen freue ich mich sehr darauf, mit Ihnen vom 9. bis 11. Oktober 2026 unser 15. Festivaljubiläum zu feiern. Seit anderthalb Jahrzehnten vereint unser Festival KünstlerInnen unterschiedlichster Herkunft und Stilistiken. Es ist uns ein Anliegen, sowohl international renommierten Stars als auch dem talentierten Nachwuchs ein lebendiges Podium zu bieten. Den Auftakt am Freitag bildet ein Blues-Highlight: Raphael Wressnig &amp; The Soul Gift Band feat. Gisele Jackson. Raphael Wressnig, der durch sein virtuoses Spiel auf der Vintage Hammond-Orgel zum Inbegriff des modernen Organisten wurde, trifft hier auf die herausragende Gisele Jackson. Die Sängerin, die ihre Karriere im Background-Chor von Ray Charles begann und mit Legenden wie Donna Summer und James Brown tourte, verleiht dem Abend eine ganz besondere Intensität. Gemeinsam mit Enrico Crivellaro an der Gitarre und Eric Cisbani am Schlagzeug präsentieren sie eine packende Mischung aus Soul, Blues und Funk – geschmackvoll, authentisch und immer dem Groove verpflichtet. Am Samstagabend erwartet das Publikum ein Doppelkonzert, das einen Blick auf die Geschichte unseres Festivals wirft. Zunächst präsentiere ich gemeinsam mit der Geigerin Doris Orsan unser Programm „Tangos &amp; Canciones“. Mit unserem Duo waren wir bereits in den Gründungsjahren des Festivals in Wertingen zu Gast und durften hier unter anderem Werke des argentinischen Komponisten Máximo Diego Pujol uraufführen. Zum Jubiläum möchten wir nun einen Querschnitt aus dieser langjährigen Zusammenarbeit präsentieren. Ebenfalls eng mit Wertingen verbunden ist das polnische Duo Adam Woch &amp; Robert Guzik. Vor einigen Jahren traten die beiden noch als junge Preisträger in unserer „Rising Stars“ Matinée auf. Inzwischen blicken sie auf eine beeindruckende internationale Karriere inklusive eines Debüts in der New Yorker Carnegie Hall zurück. Mit ihrem Programm „One Week in Rio“ huldigen sie den Rhythmen Brasiliens – von Antônio Carlos Jobim bis Egberto Gismonti. Neben den Konzerten bleibt der edukative Charakter des Festivals eine tragende Säule. Die im Rahmen des Festivals auftretenden Gitarristen werden Workshops und Unterrichtseinheiten für alle Leistungsstufen anbieten. Als weiterer Dozent konnte der ebenfalls seit vielen Jahren mit unserem Festival verbundene renommierte Gitarrist Ahmed El-Salamouny gewonnen werden. Auch die Nachwuchsförderung liegt uns weiterhin am Herzen: Neben den Schulkonzerten bildet das „Rising Stars-Konzert“ am Sonntagnachmittag ein weiteres Highlight. In diesem Jahr freuen wir uns darauf, die Gewinnerin oder den Gewinner des diesjährigen „Internationalen Gitarrenwettbewerbs Andrés Segovia“ aus Monheim bei uns zu begrüßen. Um junge Talente gezielt zu unterstützen, vergeben die Stadt Wertingen und der Förderverein auch in diesem Jahr wieder Workshop-Stipendien. Ich freue mich auf ein inspirierendes und intensives Festivalwochenende voller Begegnungen. Mein herzlicher Dank gilt allen Verantwortlichen der Stadt Wertingen, dem Förderverein sowie den zahlreichen freiwilligen Helferinnen und Helfern, die durch ihren Einsatz in der Vorbereitung und während des Festivals einen reibungslosen Ablauf garantieren und zur familiären Atmosphäre des Festivals beitragen. Johannes Tonio Kreusch ​Künstlerischer Leiter – Gitarrenfestival Wertingen</p>
