{"id":367,"date":"2018-02-20T14:39:57","date_gmt":"2018-02-20T14:39:57","guid":{"rendered":"http:\/\/gitarrenfestivalwertingen.de\/?page_id=367"},"modified":"2025-04-17T15:13:25","modified_gmt":"2025-04-17T15:13:25","slug":"willy-lehmeier","status":"publish","type":"page","link":"https:\/\/gitarrenfestivalwertingen.de\/?page_id=367","title":{"rendered":"Willy Lehmeier"},"content":{"rendered":"\t\t<div data-elementor-type=\"wp-page\" data-elementor-id=\"367\" class=\"elementor elementor-367\" data-elementor-settings=\"{&quot;ha_cmc_init_switcher&quot;:&quot;no&quot;}\">\n\t\t\t\t\t\t<section class=\"elementor-section elementor-top-section elementor-element elementor-element-138b1969 elementor-section-content-middle elementor-section-boxed elementor-section-height-default elementor-section-height-default wpr-particle-no wpr-jarallax-no wpr-parallax-no wpr-sticky-section-no wpr-equal-height-no\" data-id=\"138b1969\" data-element_type=\"section\" data-e-type=\"section\" data-settings=\"{&quot;_ha_eqh_enable&quot;:false}\">\n\t\t\t\t\t\t<div class=\"elementor-container elementor-column-gap-no\">\n\t\t\t\t\t<div class=\"elementor-column elementor-col-50 elementor-top-column elementor-element elementor-element-69a88044\" data-id=\"69a88044\" data-element_type=\"column\" data-e-type=\"column\">\n\t\t\t<div class=\"elementor-widget-wrap elementor-element-populated\">\n\t\t\t\t\t\t<div class=\"elementor-element elementor-element-11dfeadb elementor-widget elementor-widget-image\" data-id=\"11dfeadb\" data-element_type=\"widget\" data-e-type=\"widget\" data-widget_type=\"image.default\">\n\t\t\t\t<div class=\"elementor-widget-container\">\n\t\t\t\t\t\t\t\t\t\t\t\t\t\t\t<img fetchpriority=\"high\" decoding=\"async\" width=\"683\" height=\"993\" src=\"https:\/\/gitarrenfestivalwertingen.de\/wp-content\/uploads\/2023\/06\/20230609_bgm_lehmeier.jpg\" class=\"attachment-full size-full wp-image-4510\" alt=\"\" srcset=\"https:\/\/gitarrenfestivalwertingen.de\/wp-content\/uploads\/2023\/06\/20230609_bgm_lehmeier.jpg 683w, https:\/\/gitarrenfestivalwertingen.de\/wp-content\/uploads\/2023\/06\/20230609_bgm_lehmeier-206x300.jpg 206w\" sizes=\"(max-width: 683px) 100vw, 683px\" \/>\t\t\t\t\t\t\t\t\t\t\t\t\t\t\t<\/div>\n\t\t\t\t<\/div>\n\t\t\t\t\t<\/div>\n\t\t<\/div>\n\t\t\t\t<div class=\"elementor-column elementor-col-50 elementor-top-column elementor-element elementor-element-34b351df\" data-id=\"34b351df\" data-element_type=\"column\" data-e-type=\"column\">\n\t\t\t<div class=\"elementor-widget-wrap elementor-element-populated\">\n\t\t\t\t\t\t<div class=\"elementor-element elementor-element-60545bbb elementor-view-default elementor-widget elementor-widget-icon\" data-id=\"60545bbb\" data-element_type=\"widget\" data-e-type=\"widget\" data-widget_type=\"icon.default\">\n\t\t\t\t<div class=\"elementor-widget-container\">\n\t\t\t\t\t\t\t<div class=\"elementor-icon-wrapper\">\n\t\t\t<div class=\"elementor-icon\">\n\t\t\t\t\t\t\t<i class=\"fa fa-quote-left\" aria-hidden=\"true\"><\/i>\n\t\t\t\t\t\t<\/div>\n\t\t<\/div>\n\t\t\t\t\t\t<\/div>\n\t\t\t\t<\/div>\n\t\t\t\t<div class=\"elementor-element elementor-element-44389191 elementor-widget elementor-widget-text-editor\" data-id=\"44389191\" data-element_type=\"widget\" data-e-type=\"widget\" data-widget_type=\"text-editor.default\">\n\t\t\t\t<div class=\"elementor-widget-container\">\n\t\t\t\t\t\t\t\t\t<p>Wir haben uns in Wertingen der Kunst und Kultur verschrieben. Wir unterst\u00fctzen nach Kr\u00e4ften die Musikschule, die Stadtkapelle und ihre Ensembles, leisten uns eine Artothek, laden Kunstschaffende nach Wertingen ein, vergeben Stipendien und organisieren Einzel- und Doppelausstellungen. Und wir lieben die Gitarre, die vom 14.11. bis zum 16.11.2025 die Hauptrolle \u00fcbernehmen und in beeindruckender Weise die Musikszene bereichern wird. Ich begl\u00fcckw\u00fcnsche den F\u00f6rderverein zur Ausrichtung des 14. Internationalen Gitarrenfestivals und bedanke mich f\u00fcr den grandiosen ehrenamtlichen Einsatz. Im Rahmen des Festivals unterst\u00fctzen wir junge K\u00fcnstlerinnen und K\u00fcnstler, laden zu Schulkonzerten, halten Workshops ab und bringen mit dem musikalischen Leiter Johannes Tonio Kreusch internationale K\u00fcnstlerinnen und K\u00fcnstler nach Wertingen. Tauchen Sie mit uns in die musikalische Welt von Move and Groove und Nacht der Jazzgitarren ein. Genie\u00dfen Sie Klassik, Blues, Fingerstyle, Jazz und Pop und vergessen Sie f\u00fcr einen Moment den Alltag.<\/p><p>Ihr<\/p><p>Willy Lehmeier<\/p><p>1.B\u00fcrgermeister<\/p>\t\t\t\t\t\t\t\t<\/div>\n\t\t\t\t<\/div>\n\t\t\t\t<div class=\"elementor-element elementor-element-6b71ffc3 elementor-widget elementor-widget-heading\" data-id=\"6b71ffc3\" data-element_type=\"widget\" data-e-type=\"widget\" data-widget_type=\"heading.default\">\n\t\t\t\t<div class=\"elementor-widget-container\">\n\t\t\t\t\t<h2 class=\"elementor-heading-title elementor-size-default\">Willy Lehmeier<\/h2>\t\t\t\t<\/div>\n\t\t\t\t<\/div>\n\t\t\t\t<div class=\"elementor-element elementor-element-493d81b1 elementor-widget elementor-widget-heading\" data-id=\"493d81b1\" data-element_type=\"widget\" data-e-type=\"widget\" data-widget_type=\"heading.default\">\n\t\t\t\t<div class=\"elementor-widget-container\">\n\t\t\t\t\t<h2 class=\"elementor-heading-title elementor-size-default\">1. B\u00fcrgermeister<\/h2>\t\t\t\t<\/div>\n\t\t\t\t<\/div>\n\t\t\t\t\t<\/div>\n\t\t<\/div>\n\t\t\t\t\t<\/div>\n\t\t<\/section>\n\t\t\t\t<\/div>\n\t\t","protected":false},"excerpt":{"rendered":"<p>Wir haben uns in Wertingen der Kunst und Kultur verschrieben. Wir unterst\u00fctzen nach Kr\u00e4ften die Musikschule, die Stadtkapelle und ihre Ensembles, leisten uns eine Artothek, laden Kunstschaffende nach Wertingen ein, vergeben Stipendien und organisieren Einzel- und Doppelausstellungen. Und wir lieben die Gitarre, die vom 14.11. bis zum 16.11.2025 die Hauptrolle \u00fcbernehmen und in beeindruckender Weise die Musikszene bereichern wird. Ich begl\u00fcckw\u00fcnsche den F\u00f6rderverein zur Ausrichtung des 14. Internationalen Gitarrenfestivals und bedanke mich f\u00fcr den grandiosen ehrenamtlichen Einsatz. Im Rahmen des Festivals unterst\u00fctzen wir junge K\u00fcnstlerinnen und K\u00fcnstler, laden zu Schulkonzerten, halten Workshops ab und bringen mit dem musikalischen Leiter Johannes Tonio Kreusch internationale K\u00fcnstlerinnen und K\u00fcnstler nach Wertingen. Tauchen Sie mit uns in die musikalische Welt von Move and Groove und Nacht der Jazzgitarren ein. Genie\u00dfen Sie Klassik, Blues, Fingerstyle, Jazz und Pop und vergessen Sie f\u00fcr einen Moment den Alltag. Ihr Willy Lehmeier 1.B\u00fcrgermeister Willy Lehmeier 1. B\u00fcrgermeister<\/p>\n","protected":false},"author":1,"featured_media":0,"parent":0,"menu_order":0,"comment_status":"closed","ping_status":"closed","template":"","meta":{"ngg_post_thumbnail":0,"ocean_post_layout":"","ocean_both_sidebars_style":"","ocean_both_sidebars_content_width":0,"ocean_both_sidebars_sidebars_width":0,"ocean_sidebar":"","ocean_second_sidebar":"","ocean_disable_margins":"enable","ocean_add_body_class":"","ocean_shortcode_before_top_bar":"","ocean_shortcode_after_top_bar":"","ocean_shortcode_before_header":"","ocean_shortcode_after_header":"","ocean_has_shortcode":"","ocean_shortcode_after_title":"","ocean_shortcode_before_footer_widgets":"","ocean_shortcode_after_footer_widgets":"","ocean_shortcode_before_footer_bottom":"","ocean_shortcode_after_footer_bottom":"","ocean_display_top_bar":"default","ocean_display_header":"default","ocean_header_style":"","ocean_center_header_left_menu":"","ocean_custom_header_template":"","ocean_custom_logo":0,"ocean_custom_retina_logo":0,"ocean_custom_logo_max_width":0,"ocean_custom_logo_tablet_max_width":0,"ocean_custom_logo_mobile_max_width":0,"ocean_custom_logo_max_height":0,"ocean_custom_logo_tablet_max_height":0,"ocean_custom_logo_mobile_max_height":0,"ocean_header_custom_menu":"","ocean_menu_typo_font_family":"","ocean_menu_typo_font_subset":"","ocean_menu_typo_font_size":0,"ocean_menu_typo_font_size_tablet":0,"ocean_menu_typo_font_size_mobile":0,"ocean_menu_typo_font_size_unit":"px","ocean_menu_typo_font_weight":"","ocean_menu_typo_font_weight_tablet":"","ocean_menu_typo_font_weight_mobile":"","ocean_menu_typo_transform":"","ocean_menu_typo_transform_tablet":"","ocean_menu_typo_transform_mobile":"","ocean_menu_typo_line_height":0,"ocean_menu_typo_line_height_tablet":0,"ocean_menu_typo_line_height_mobile":0,"ocean_menu_typo_line_height_unit":"","ocean_menu_typo_spacing":0,"ocean_menu_typo_spacing_tablet":0,"ocean_menu_typo_spacing_mobile":0,"ocean_menu_typo_spacing_unit":"","ocean_menu_link_color":"","ocean_menu_link_color_hover":"","ocean_menu_link_color_active":"","ocean_menu_link_background":"","ocean_menu_link_hover_background":"","ocean_menu_link_active_background":"","ocean_menu_social_links_bg":"","ocean_menu_social_hover_links_bg":"","ocean_menu_social_links_color":"","ocean_menu_social_hover_links_color":"","ocean_disable_title":"default","ocean_disable_heading":"default","ocean_post_title":"","ocean_post_subheading":"","ocean_post_title_style":"","ocean_post_title_background_color":"","ocean_post_title_background":0,"ocean_post_title_bg_image_position":"","ocean_post_title_bg_image_attachment":"","ocean_post_title_bg_image_repeat":"","ocean_post_title_bg_image_size":"","ocean_post_title_height":0,"ocean_post_title_bg_overlay":0.5,"ocean_post_title_bg_overlay_color":"","ocean_disable_breadcrumbs":"default","ocean_breadcrumbs_color":"","ocean_breadcrumbs_separator_color":"","ocean_breadcrumbs_links_color":"","ocean_breadcrumbs_links_hover_color":"","ocean_display_footer_widgets":"default","ocean_display_footer_bottom":"default","ocean_custom_footer_template":"","footnotes":""},"class_list":["post-367","page","type-page","status-publish","hentry","entry"],"_links":{"self":[{"href":"https:\/\/gitarrenfestivalwertingen.de\/index.php?rest_route=\/wp\/v2\/pages\/367","targetHints":{"allow":["GET"]}}],"collection":[{"href":"https:\/\/gitarrenfestivalwertingen.de\/index.php?rest_route=\/wp\/v2\/pages"}],"about":[{"href":"https:\/\/gitarrenfestivalwertingen.de\/index.php?rest_route=\/wp\/v2\/types\/page"}],"author":[{"embeddable":true,"href":"https:\/\/gitarrenfestivalwertingen.de\/index.php?rest_route=\/wp\/v2\/users\/1"}],"replies":[{"embeddable":true,"href":"https:\/\/gitarrenfestivalwertingen.de\/index.php?rest_route=%2Fwp%2Fv2%2Fcomments&post=367"}],"version-history":[{"count":58,"href":"https:\/\/gitarrenfestivalwertingen.de\/index.php?rest_route=\/wp\/v2\/pages\/367\/revisions"}],"predecessor-version":[{"id":5260,"href":"https:\/\/gitarrenfestivalwertingen.de\/index.php?rest_route=\/wp\/v2\/pages\/367\/revisions\/5260"}],"wp:attachment":[{"href":"https:\/\/gitarrenfestivalwertingen.de\/index.php?rest_route=%2Fwp%2Fv2%2Fmedia&parent=367"}],"curies":[{"name":"wp","href":"https:\/\/api.w.org\/{rel}","templated":true}]}}

<div data-elementor-type="wp-page" data-elementor-id="367" class="elementor elementor-367" data-elementor-settings="{&quot;ha_cmc_init_switcher&quot;:&quot;no&quot;}">
						<section class="elementor-section elementor-top-section elementor-element elementor-element-138b1969 elementor-section-content-middle elementor-section-boxed elementor-section-height-default elementor-section-height-default wpr-particle-no wpr-jarallax-no wpr-parallax-no wpr-sticky-section-no wpr-equal-height-no" data-id="138b1969" data-element_type="section" data-e-type="section" data-settings="{&quot;_ha_eqh_enable&quot;:false}">
						<div class="elementor-container elementor-column-gap-no">
					<div class="elementor-column elementor-col-50 elementor-top-column elementor-element elementor-element-69a88044" data-id="69a88044" data-element_type="column" data-e-type="column">
			<div class="elementor-widget-wrap elementor-element-populated">
						<div class="elementor-element elementor-element-11dfeadb elementor-widget elementor-widget-image" data-id="11dfeadb" data-element_type="widget" data-e-type="widget" data-widget_type="image.default">
				<div class="elementor-widget-container">
															<img fetchpriority="high" decoding="async" width="683" height="993" src="https://gitarrenfestivalwertingen.de/wp-content/uploads/2023/06/20230609_bgm_lehmeier.jpg" class="attachment-full size-full wp-image-4510" alt="" srcset="https://gitarrenfestivalwertingen.de/wp-content/uploads/2023/06/20230609_bgm_lehmeier.jpg 683w, https://gitarrenfestivalwertingen.de/wp-content/uploads/2023/06/20230609_bgm_lehmeier-206x300.jpg 206w" sizes="(max-width: 683px) 100vw, 683px" />															</div>
				</div>
					</div>
		</div>
				<div class="elementor-column elementor-col-50 elementor-top-column elementor-element elementor-element-34b351df" data-id="34b351df" data-element_type="column" data-e-type="column">
			<div class="elementor-widget-wrap elementor-element-populated">
						<div class="elementor-element elementor-element-60545bbb elementor-view-default elementor-widget elementor-widget-icon" data-id="60545bbb" data-element_type="widget" data-e-type="widget" data-widget_type="icon.default">
				<div class="elementor-widget-container">
							<div class="elementor-icon-wrapper">
			<div class="elementor-icon">
							<i class="fa fa-quote-left" aria-hidden="true"></i>
						</div>
		</div>
						</div>
				</div>
				<div class="elementor-element elementor-element-44389191 elementor-widget elementor-widget-text-editor" data-id="44389191" data-element_type="widget" data-e-type="widget" data-widget_type="text-editor.default">
				<div class="elementor-widget-container">
									<p>Wir haben uns in Wertingen der Kunst und Kultur verschrieben. Wir unterstützen nach Kräften die Musikschule, die Stadtkapelle und ihre Ensembles, leisten uns eine Artothek, laden Kunstschaffende nach Wertingen ein, vergeben Stipendien und organisieren Einzel- und Doppelausstellungen. Und wir lieben die Gitarre, die vom 14.11. bis zum 16.11.2025 die Hauptrolle übernehmen und in beeindruckender Weise die Musikszene bereichern wird. Ich beglückwünsche den Förderverein zur Ausrichtung des 14. Internationalen Gitarrenfestivals und bedanke mich für den grandiosen ehrenamtlichen Einsatz. Im Rahmen des Festivals unterstützen wir junge Künstlerinnen und Künstler, laden zu Schulkonzerten, halten Workshops ab und bringen mit dem musikalischen Leiter Johannes Tonio Kreusch internationale Künstlerinnen und Künstler nach Wertingen. Tauchen Sie mit uns in die musikalische Welt von Move and Groove und Nacht der Jazzgitarren ein. Genießen Sie Klassik, Blues, Fingerstyle, Jazz und Pop und vergessen Sie für einen Moment den Alltag.</p><p>Ihr</p><p>Willy Lehmeier</p><p>1.Bürgermeister</p>								</div>
				</div>
				<div class="elementor-element elementor-element-6b71ffc3 elementor-widget elementor-widget-heading" data-id="6b71ffc3" data-element_type="widget" data-e-type="widget" data-widget_type="heading.default">
				<div class="elementor-widget-container">
					<h2 class="elementor-heading-title elementor-size-default">Willy Lehmeier</h2>				</div>
				</div>
				<div class="elementor-element elementor-element-493d81b1 elementor-widget elementor-widget-heading" data-id="493d81b1" data-element_type="widget" data-e-type="widget" data-widget_type="heading.default">
				<div class="elementor-widget-container">
					<h2 class="elementor-heading-title elementor-size-default">1. Bürgermeister</h2>				</div>
				</div>
					</div>
		</div>
					</div>
		</section>
				</div>

<p>Wir haben uns in Wertingen der Kunst und Kultur verschrieben. Wir unterstützen nach Kräften die Musikschule, die Stadtkapelle und ihre Ensembles, leisten uns eine Artothek, laden Kunstschaffende nach Wertingen ein, vergeben Stipendien und organisieren Einzel- und Doppelausstellungen. Und wir lieben die Gitarre, die vom 14.11. bis zum 16.11.2025 die Hauptrolle übernehmen und in beeindruckender Weise die Musikszene bereichern wird. Ich beglückwünsche den Förderverein zur Ausrichtung des 14. Internationalen Gitarrenfestivals und bedanke mich für den grandiosen ehrenamtlichen Einsatz. Im Rahmen des Festivals unterstützen wir junge Künstlerinnen und Künstler, laden zu Schulkonzerten, halten Workshops ab und bringen mit dem musikalischen Leiter Johannes Tonio Kreusch internationale Künstlerinnen und Künstler nach Wertingen. Tauchen Sie mit uns in die musikalische Welt von Move and Groove und Nacht der Jazzgitarren ein. Genießen Sie Klassik, Blues, Fingerstyle, Jazz und Pop und vergessen Sie für einen Moment den Alltag. Ihr Willy Lehmeier 1.Bürgermeister Willy Lehmeier 1. Bürgermeister</p>
